{"id":37,"date":"2023-01-02T22:56:28","date_gmt":"2023-01-02T22:56:28","guid":{"rendered":"https:\/\/apogej.tech\/?page_id=37"},"modified":"2023-01-02T22:56:28","modified_gmt":"2023-01-02T22:56:28","slug":"scanergo","status":"publish","type":"page","link":"https:\/\/apogej.tech\/index.php\/scanergo\/","title":{"rendered":"SCANERGO"},"content":{"rendered":"<p>SCANERGO Optimal paket je optimalna re\u0161itev za:<br \/>\n&#8211; obvladovanje porabe in stro\u0161kov energije v procesih.<br \/>\n&#8211; spremljanje, analiziranje in napovedovanje porabe energije v stavbah in<br \/>\ntehnolo\u0161kih procesih (\u010dasovno, po tehnolo\u0161kih skupinah, po delovnih nalogah,<br \/>\n\u2026).<br \/>\n&#8211; smiselne primerjave, napredno alarmiranje, standardne in poljubne kazalce<br \/>\nu\u010dinkovitosti in ostala analiti\u010dna orodja za najbolj\u0161i rezultat.<br \/>\n&#8211; avtomatski ali ro\u010dni zajem veli\u010din, ki vplivajo na porabo energije (izdelane<br \/>\nkoli\u010dine, povr\u0161ine, temperature, ipd.).<br \/>\n&#8211; enostaven dostop do vseh klju\u010dnih informacij preko spletnega uporabni\u0161kega<br \/>\nvmesnika, ki je dostopen tudi preko mobilnih naprav ali tablic.<\/p>\n","protected":false},"excerpt":{"rendered":"<p>SCANERGO Optimal paket je optimalna re\u0161itev za: &#8211; obvladovanje porabe in stro\u0161kov energije v procesih. &#8211; spremljanje, analiziranje in napovedovanje porabe energije v stavbah in tehnolo\u0161kih procesih (\u010dasovno, po tehnolo\u0161kih skupinah, po delovnih nalogah, \u2026). &#8211; smiselne primerjave, napredno alarmiranje, standardne in poljubne kazalce u\u010dinkovitosti in ostala analiti\u010dna orodja za&#8230;<\/p>\n","protected":false},"author":1,"featured_media":39,"parent":0,"menu_order":0,"comment_status":"closed","ping_status":"closed","template":"","meta":{"footnotes":""},"class_list":["post-37","page","type-page","status-publish","has-post-thumbnail","hentry"],"jetpack_sharing_enabled":true,"_links":{"self":[{"href":"https:\/\/apogej.tech\/index.php\/wp-json\/wp\/v2\/pages\/37","targetHints":{"allow":["GET"]}}],"collection":[{"href":"https:\/\/apogej.tech\/index.php\/wp-json\/wp\/v2\/pages"}],"about":[{"href":"https:\/\/apogej.tech\/index.php\/wp-json\/wp\/v2\/types\/page"}],"author":[{"embeddable":true,"href":"https:\/\/apogej.tech\/index.php\/wp-json\/wp\/v2\/users\/1"}],"replies":[{"embeddable":true,"href":"https:\/\/apogej.tech\/index.php\/wp-json\/wp\/v2\/comments?post=37"}],"version-history":[{"count":1,"href":"https:\/\/apogej.tech\/index.php\/wp-json\/wp\/v2\/pages\/37\/revisions"}],"predecessor-version":[{"id":40,"href":"https:\/\/apogej.tech\/index.php\/wp-json\/wp\/v2\/pages\/37\/revisions\/40"}],"wp:featuredmedia":[{"embeddable":true,"href":"https:\/\/apogej.tech\/index.php\/wp-json\/wp\/v2\/media\/39"}],"wp:attachment":[{"href":"https:\/\/apogej.tech\/index.php\/wp-json\/wp\/v2\/media?parent=37"}],"curies":[{"name":"wp","href":"https:\/\/api.w.org\/{rel}","templated":true}]}}